 of 8462119?
9
What is the ten thousands digit of 28532?
2
What is the units digit of 229298?
8
What is the ten thousands digit of 467739?
6
What is the ten thousands digit of 2295063?
9
What is the units digit of 367816?
6
What is the thousands digit of 496017?
6
What is the hundreds digit of 20575?
5
What is the tens digit of 4024475?
7
What is the thousands digit of 11275?
1
What is the units digit of 8886993?
3
What is the ten thousands digit of 2635544?
3
What is the ten thousands digit of 395515?
9
What is the millions digit of 16576288?
6
What is the hundreds digit of 550683?
6
What is the tens digit of 226859?
5
What is the hundred thousands digit of 525865?
5
What is the units digit of 20401625?
5
What is the thousands digit of 96735?
6
What is the ten thousands digit of 1644485?
4
What is the hundreds digit of 276763?
7
What is the hundreds digit of 3129855?
8
What is the units digit of 11582?
2
What is the thousands digit of 7419199?
9
What is the units digit of 109710?
0
What is the ten thousands digit of 444188?
4
What is the units digit of 159433?
3
What is the units digit of 449367?
7
What is the hundred thousands digit of 208114?
2
What is the units digit of 1114469?
9
What is the thousands digit of 5977379?
7
What is the tens digit of 358228?
2
What is the thousands digit of 14591180?
1
What is the thousands digit of 3591920?
1
What is the units digit of 22839314?
4
What is the ten thousands digit of 8486998?
8
What is the thousands digit of 162734?
2
What is the tens digit of 147740?
4
What is the millions digit of 6477790?
6
What is the hundreds digit of 301352?
3
What is the units digit of 230251?
1
What is the tens digit of 825571?
7
What is the hundreds digit of 459337?
3
What is the thousands digit of 2746808?
6
What is the tens digit of 207530?
3
What is the units digit of 6516475?
5
What is the hundreds digit of 9915454?
4
What is the hundred thousands digit of 191713?
1
What is the hundreds digit of 3272374?
3
What is the hundred thousands digit of 221351?
2
What is the thousands digit of 660924?
0
What is the tens digit of 34421?
2
What is the ten thousands digit of 707475?
0
What is the thousands digit of 1115354?
5
What is the ten thousands digit of 21532924?
3
What is the hundred thousands digit of 3009578?
0
What is the tens digit of 1970601?
0
What is the millions digit of 7244620?
7
What is the thousands digit of 982012?
2
What is the ten thousands digit of 2999050?
9
What is the thousands digit of 335291?
5
What is the millions digit of 6571081?
6
What is the ten thousands digit of 200082?
0
What is the tens digit of 338560?
6
What is the hundred thousands digit of 6691021?
6
What is the millions digit of 1519355?
1
What is the units digit of 10235010?
0
What is the thousands digit of 440302?
0
What is the units digit of 1336211?
1
What is the thousands digit of 326022?
6
What is the tens digit of 4935159?
5
What is the ten thousands digit of 2329002?
2
What is the thousands digit of 14434502?
4
What is the hundreds digit of 185110?
1
What is the thousands digit of 123205?
3
What is the thousands digit of 18557818?
7
What is the tens digit of 4028756?
5
What is the hundreds digit of 604971?
9
What is the thousands digit of 59572?
9
What is the hundred thousands digit of 13429826?
4
What is the thousands digit of 4042578?
2
What is the tens digit of 8296423?
2
What is the hundreds digit of 254522?
5
What is the hundred thousands digit of 1802105?
8
What is the units digit of 5917849?
9
What is the hundreds digit of 47603?
6
What is the hundred thousands digit of 1832269?
8
What is the ten millions digit of 14873297?
1
What is the ten thousands digit of 252193?
5
What is the ten thousands digit of 1374733?
7
What is the tens digit of 837079?
7
What is the millions digit of 1607302?
1
What is the hundreds digit of 168507?
5
What is the hundred thousands digit of 9401284?
4
What is the thousands digit of 625612?
5
What is the thousands digit of 83281?
3
What is the millions digit of 4123142?
4
What is the ten thousands digit of 6679047?
7
What is the units digit of 12169887?
7
What is the ten thousands digit of 908211?
0
What is the ten thousands digit of 26478969?
7
What is the hundreds digit of 17488654?
6
What is the units digit of 935719?
9
What is the hundred thousands digit of 2170192?
1
What is the ten thousands digit of 342330?
4
What is the millions digit of 25164147?
5
What is the tens digit of 1349582?
8
What is the millions digit of 6293027?
6
What is the millions digit of 9173120?
9
What is the hundreds digit of 237912?
9
What is the hundred thousands digit of 4533530?
5
What is the thousands digit of 630216?
0
What is the tens digit of 2107801?
0
What is the hundreds digit of 5527961?
9
What is the millions digit of 3580301?
3
What is the ten thousands digit of 6105229?
0
What is the units digit of 9569235?
5
What is the millions digit of 3987211?
3
What is the ten thousands digit of 48497?
4
What is the hundreds digit of 880590?
5
What is the hundreds digit of 196216?
2
What is the ten thousands digit of 322476?
2
What is the thousands digit of 59558?
9
What is the hundreds digit of 147004?
0
What is the hundred thousands digit of 2214098?
2
What is the units digit of 1168018?
8
What is the millions digit of 1740099?
1
What is the thousands digit of 32015815?
5
What is the hundreds digit of 2005122?
1
What is the millions digit of 1782701?
1
What is the thousands digit of 4573156?
3
What is the ten thousands digit of 2779238?
7
What is the hundreds digit of 2849429?
4
What is the units digit of 1132340?
0
What is the hundred thousands digit of 529257?
5
What is the hundred thousands digit of 911506?
9
What is the ten thousands digit of 37476?
3
What is the units digit of 6273130?
0
What is the hundred thousands digit of 160932?
1
What is the hundreds digit of 33839856?
8
What is the hundreds digit of 579564?
5
What is the thousands digit of 9883712?
3
What is the units digit of 226389?
9
What is the hundred thousands digit of 1046091?
0
What is the hundred thousands digit of 133853?
1
What is the ten thousands digit of 19895?
1
What is the hundred thousands digit of 155725?
1
What is the units digit of 165297?
7
What is the hundred thousands digit of 3665493?
6
What is the ten thousands digit of 182737?
8
What is the hundreds digit of 1825262?
2
What is the hundred thousands digit of 4227859?
2
What is the thousands digit of 551839?
1
What is the thousands digit of 22800?
2
What is the tens digit of 4283640?
4
What is the units digit of 303088?
8
What is the hundreds digit of 20487350?
3
What is the millions digit of 13669713?
3
What is the hundreds digit of 282212?
2
What is the ten thousands digit of 85647?
8
What is the millions digit of 1610740?
1
What is the tens digit of 229530?
3
What is the units digit of 554126?
6
What is the millions digit of 2368380?
2
What is the hundreds digit of 164792?
7
What is the millions digit of 3758093?
3
What is the hundred thousands digit of 759068?
7
What is the millions digit of 5911721?
5
What is the thousands digit of 590745?
0
What is the thousands digit of 185618?
5
What is the hundred thousands digit of 388063?
3
What is the hundred thousands digit of 3585923?
5
What is the ten thousands digit of 3963928?
6
What is the units digit of 12885510?
0
What is the hundred thousands digit of 8961716?
9
What is the units digit of 13704885?
5
What is the tens digit of 4040403?
0
What is the tens digit of 24805?
0
What is the tens digit of 12183469?
6
What is the units digit of 4591116?
6
What is the millions digit of 8037575?
8
What is the ten thousands digit of 150428?
5
What is the tens digit of 543268?
6
What is the hundreds digit of 410654?
6
What is the hundreds digit of 9597490?
4
What is the tens digit of 502103?
0
What is the units digit of 87381?
1
What is the thousands digit of 3516216?
6
What is the tens digit of 505089?
8
What is the hundred thousands digit of 23372851?
3
What is the hundreds digit of 2426628?
6
What is the ten thousands digit of 944670?
4
What is the thousands digit of 1096179?
6
What is the units digit of 11893?
3
What is the hundred thousands digit of 996594?
9
What is the millions digit of 6497308?
6
What is the tens digit of